{"id":1016,"date":"2025-12-30T21:14:36","date_gmt":"2025-12-30T20:14:36","guid":{"rendered":"https:\/\/gruene-freising.de\/gol-attenkirchen\/?page_id=1016"},"modified":"2025-12-30T21:15:32","modified_gmt":"2025-12-30T20:15:32","slug":"unsere-gemeindebeauftragten","status":"publish","type":"page","link":"https:\/\/gruene-freising.de\/gol-attenkirchen\/unsere-gemeindebeauftragten\/","title":{"rendered":"Unsere Gemeindebeauftragten"},"content":{"rendered":"\n<div class=\"wp-block-columns is-layout-flex wp-container-core-columns-is-layout-9d6595d7 wp-block-columns-is-layout-flex\">\n<div class=\"wp-block-column is-layout-flow wp-block-column-is-layout-flow\">\n<div class=\"wp-block-group has-gray-background-color has-background is-vertical is-layout-flex wp-container-core-group-is-layout-8cf370e7 wp-block-group-is-layout-flex\">\n<figure class=\"wp-block-image size-large\"><img loading=\"lazy\" decoding=\"async\" width=\"1024\" height=\"1024\" src=\"https:\/\/gruene-freising.de\/gol-attenkirchen\/wp-content\/uploads\/sites\/17\/2025\/11\/GoL-Attenkirchen-04-Babsi-scaled-e1763419312898-1024x1024.jpg\" alt=\"Babsi Weinberger\" class=\"wp-image-474\" srcset=\"https:\/\/gruene-freising.de\/gol-attenkirchen\/wp-content\/uploads\/sites\/17\/2025\/11\/GoL-Attenkirchen-04-Babsi-scaled-e1763419312898-1024x1024.jpg 1024w, https:\/\/gruene-freising.de\/gol-attenkirchen\/wp-content\/uploads\/sites\/17\/2025\/11\/GoL-Attenkirchen-04-Babsi-scaled-e1763419312898-300x300.jpg 300w, https:\/\/gruene-freising.de\/gol-attenkirchen\/wp-content\/uploads\/sites\/17\/2025\/11\/GoL-Attenkirchen-04-Babsi-scaled-e1763419312898-150x150.jpg 150w, https:\/\/gruene-freising.de\/gol-attenkirchen\/wp-content\/uploads\/sites\/17\/2025\/11\/GoL-Attenkirchen-04-Babsi-scaled-e1763419312898-768x768.jpg 768w, https:\/\/gruene-freising.de\/gol-attenkirchen\/wp-content\/uploads\/sites\/17\/2025\/11\/GoL-Attenkirchen-04-Babsi-scaled-e1763419312898-1536x1536.jpg 1536w, https:\/\/gruene-freising.de\/gol-attenkirchen\/wp-content\/uploads\/sites\/17\/2025\/11\/GoL-Attenkirchen-04-Babsi-scaled-e1763419312898.jpg 1706w\" sizes=\"auto, (max-width: 1024px) 100vw, 1024px\" \/><\/figure>\n\n\n\n<h2 class=\"wp-block-heading\">Babsi Weinberger<\/h2>\n\n\n\n<p>Attenkirchen<\/p>\n\n\n\n<p>Gemeindebeauftragte <br>f\u00fcr Jugendarbeit und Organisation des Ferienprogramms<\/p>\n<\/div>\n<\/div>\n\n\n\n<div class=\"wp-block-column is-layout-flow wp-block-column-is-layout-flow\">\n<div class=\"wp-block-group has-gray-background-color has-background is-vertical is-layout-flex wp-container-core-group-is-layout-8cf370e7 wp-block-group-is-layout-flex\">\n<figure class=\"wp-block-image size-large\"><img loading=\"lazy\" decoding=\"async\" width=\"1024\" height=\"1024\" src=\"https:\/\/gruene-freising.de\/gol-attenkirchen\/wp-content\/uploads\/sites\/17\/2025\/11\/GoL-Attenkirchen-05-Thilo-scaled-e1763419291780-1024x1024.jpg\" alt=\"Thilo Mittag\" class=\"wp-image-475\" srcset=\"https:\/\/gruene-freising.de\/gol-attenkirchen\/wp-content\/uploads\/sites\/17\/2025\/11\/GoL-Attenkirchen-05-Thilo-scaled-e1763419291780-1024x1024.jpg 1024w, https:\/\/gruene-freising.de\/gol-attenkirchen\/wp-content\/uploads\/sites\/17\/2025\/11\/GoL-Attenkirchen-05-Thilo-scaled-e1763419291780-300x300.jpg 300w, https:\/\/gruene-freising.de\/gol-attenkirchen\/wp-content\/uploads\/sites\/17\/2025\/11\/GoL-Attenkirchen-05-Thilo-scaled-e1763419291780-150x150.jpg 150w, https:\/\/gruene-freising.de\/gol-attenkirchen\/wp-content\/uploads\/sites\/17\/2025\/11\/GoL-Attenkirchen-05-Thilo-scaled-e1763419291780-768x768.jpg 768w, https:\/\/gruene-freising.de\/gol-attenkirchen\/wp-content\/uploads\/sites\/17\/2025\/11\/GoL-Attenkirchen-05-Thilo-scaled-e1763419291780-1536x1536.jpg 1536w, https:\/\/gruene-freising.de\/gol-attenkirchen\/wp-content\/uploads\/sites\/17\/2025\/11\/GoL-Attenkirchen-05-Thilo-scaled-e1763419291780.jpg 1706w\" sizes=\"auto, (max-width: 1024px) 100vw, 1024px\" \/><\/figure>\n\n\n\n<h2 class=\"wp-block-heading\">Thilo Mittag<\/h2>\n\n\n\n<p>Thalham<\/p>\n\n\n\n<p>Gemeindebeauftragter<br>f\u00fcr Bauen, Wohnen und Liegenschaften<\/p>\n<\/div>\n<\/div>\n\n\n\n<div class=\"wp-block-column is-layout-flow wp-block-column-is-layout-flow\">\n<div class=\"wp-block-group has-gray-background-color has-background is-vertical is-layout-flex wp-container-core-group-is-layout-8cf370e7 wp-block-group-is-layout-flex\">\n<figure class=\"wp-block-image size-large\"><img loading=\"lazy\" decoding=\"async\" width=\"1024\" height=\"1024\" src=\"https:\/\/gruene-freising.de\/gol-attenkirchen\/wp-content\/uploads\/sites\/17\/2025\/11\/GoL-Attenkirchen-01-Walter-1-scaled-e1763419410832-1024x1024.jpg\" alt=\"Dr. Walter Schlott\" class=\"wp-image-471\" srcset=\"https:\/\/gruene-freising.de\/gol-attenkirchen\/wp-content\/uploads\/sites\/17\/2025\/11\/GoL-Attenkirchen-01-Walter-1-scaled-e1763419410832-1024x1024.jpg 1024w, https:\/\/gruene-freising.de\/gol-attenkirchen\/wp-content\/uploads\/sites\/17\/2025\/11\/GoL-Attenkirchen-01-Walter-1-scaled-e1763419410832-300x300.jpg 300w, https:\/\/gruene-freising.de\/gol-attenkirchen\/wp-content\/uploads\/sites\/17\/2025\/11\/GoL-Attenkirchen-01-Walter-1-scaled-e1763419410832-150x150.jpg 150w, https:\/\/gruene-freising.de\/gol-attenkirchen\/wp-content\/uploads\/sites\/17\/2025\/11\/GoL-Attenkirchen-01-Walter-1-scaled-e1763419410832-768x768.jpg 768w, https:\/\/gruene-freising.de\/gol-attenkirchen\/wp-content\/uploads\/sites\/17\/2025\/11\/GoL-Attenkirchen-01-Walter-1-scaled-e1763419410832-1536x1536.jpg 1536w, https:\/\/gruene-freising.de\/gol-attenkirchen\/wp-content\/uploads\/sites\/17\/2025\/11\/GoL-Attenkirchen-01-Walter-1-scaled-e1763419410832.jpg 1707w\" sizes=\"auto, (max-width: 1024px) 100vw, 1024px\" \/><\/figure>\n\n\n\n<h2 class=\"wp-block-heading\">Dr. Walter Schlott<\/h2>\n\n\n\n<p>Thalham<\/p>\n\n\n\n<p>Gemeindebeauftragter<br>f\u00fcr Mobilit\u00e4t, Digitales und Infrastruktur<\/p>\n<\/div>\n<\/div>\n<\/div>\n","protected":false},"excerpt":{"rendered":"<p>Babsi Weinberger Attenkirchen Gemeindebeauftragte f\u00fcr Jugendarbeit und Organisation des Ferienprogramms Thilo Mittag Thalham Gemeindebeauftragterf\u00fcr Bauen, Wohnen und Liegenschaften Dr. Walter Schlott Thalham Gemeindebeauftragterf\u00fcr Mobilit\u00e4t, Digitales und Infrastruktur<\/p>\n","protected":false},"author":31,"featured_media":0,"parent":0,"menu_order":0,"comment_status":"closed","ping_status":"closed","template":"","meta":{"footnotes":""},"class_list":["post-1016","page","type-page","status-publish","hentry"],"jetpack_sharing_enabled":true,"_links":{"self":[{"href":"https:\/\/gruene-freising.de\/gol-attenkirchen\/wp-json\/wp\/v2\/pages\/1016","targetHints":{"allow":["GET"]}}],"collection":[{"href":"https:\/\/gruene-freising.de\/gol-attenkirchen\/wp-json\/wp\/v2\/pages"}],"about":[{"href":"https:\/\/gruene-freising.de\/gol-attenkirchen\/wp-json\/wp\/v2\/types\/page"}],"author":[{"embeddable":true,"href":"https:\/\/gruene-freising.de\/gol-attenkirchen\/wp-json\/wp\/v2\/users\/31"}],"replies":[{"embeddable":true,"href":"https:\/\/gruene-freising.de\/gol-attenkirchen\/wp-json\/wp\/v2\/comments?post=1016"}],"version-history":[{"count":2,"href":"https:\/\/gruene-freising.de\/gol-attenkirchen\/wp-json\/wp\/v2\/pages\/1016\/revisions"}],"predecessor-version":[{"id":1019,"href":"https:\/\/gruene-freising.de\/gol-attenkirchen\/wp-json\/wp\/v2\/pages\/1016\/revisions\/1019"}],"wp:attachment":[{"href":"https:\/\/gruene-freising.de\/gol-attenkirchen\/wp-json\/wp\/v2\/media?parent=1016"}],"curies":[{"name":"wp","href":"https:\/\/api.w.org\/{rel}","templated":true}]}}

<div class="wp-block-columns is-layout-flex wp-container-core-columns-is-layout-9d6595d7 wp-block-columns-is-layout-flex">
<div class="wp-block-column is-layout-flow wp-block-column-is-layout-flow">
<div class="wp-block-group has-gray-background-color has-background is-vertical is-layout-flex wp-container-core-group-is-layout-8cf370e7 wp-block-group-is-layout-flex">
<figure class="wp-block-image size-large"><img loading="lazy" decoding="async" width="1024" height="1024" src="https://gruene-freising.de/gol-attenkirchen/wp-content/uploads/sites/17/2025/11/GoL-Attenkirchen-04-Babsi-scaled-e1763419312898-1024x1024.jpg" alt="Babsi Weinberger" class="wp-image-474" srcset="https://gruene-freising.de/gol-attenkirchen/wp-content/uploads/sites/17/2025/11/GoL-Attenkirchen-04-Babsi-scaled-e1763419312898-1024x1024.jpg 1024w, https://gruene-freising.de/gol-attenkirchen/wp-content/uploads/sites/17/2025/11/GoL-Attenkirchen-04-Babsi-scaled-e1763419312898-300x300.jpg 300w, https://gruene-freising.de/gol-attenkirchen/wp-content/uploads/sites/17/2025/11/GoL-Attenkirchen-04-Babsi-scaled-e1763419312898-150x150.jpg 150w, https://gruene-freising.de/gol-attenkirchen/wp-content/uploads/sites/17/2025/11/GoL-Attenkirchen-04-Babsi-scaled-e1763419312898-768x768.jpg 768w, https://gruene-freising.de/gol-attenkirchen/wp-content/uploads/sites/17/2025/11/GoL-Attenkirchen-04-Babsi-scaled-e1763419312898-1536x1536.jpg 1536w, https://gruene-freising.de/gol-attenkirchen/wp-content/uploads/sites/17/2025/11/GoL-Attenkirchen-04-Babsi-scaled-e1763419312898.jpg 1706w" sizes="auto, (max-width: 1024px) 100vw, 1024px" /></figure>



<h2 class="wp-block-heading">Babsi Weinberger</h2>



<p>Attenkirchen</p>



<p>Gemeindebeauftragte <br>für Jugendarbeit und Organisation des Ferienprogramms</p>
</div>
</div>



<div class="wp-block-column is-layout-flow wp-block-column-is-layout-flow">
<div class="wp-block-group has-gray-background-color has-background is-vertical is-layout-flex wp-container-core-group-is-layout-8cf370e7 wp-block-group-is-layout-flex">
<figure class="wp-block-image size-large"><img loading="lazy" decoding="async" width="1024" height="1024" src="https://gruene-freising.de/gol-attenkirchen/wp-content/uploads/sites/17/2025/11/GoL-Attenkirchen-05-Thilo-scaled-e1763419291780-1024x1024.jpg" alt="Thilo Mittag" class="wp-image-475" srcset="https://gruene-freising.de/gol-attenkirchen/wp-content/uploads/sites/17/2025/11/GoL-Attenkirchen-05-Thilo-scaled-e1763419291780-1024x1024.jpg 1024w, https://gruene-freising.de/gol-attenkirchen/wp-content/uploads/sites/17/2025/11/GoL-Attenkirchen-05-Thilo-scaled-e1763419291780-300x300.jpg 300w, https://gruene-freising.de/gol-attenkirchen/wp-content/uploads/sites/17/2025/11/GoL-Attenkirchen-05-Thilo-scaled-e1763419291780-150x150.jpg 150w, https://gruene-freising.de/gol-attenkirchen/wp-content/uploads/sites/17/2025/11/GoL-Attenkirchen-05-Thilo-scaled-e1763419291780-768x768.jpg 768w, https://gruene-freising.de/gol-attenkirchen/wp-content/uploads/sites/17/2025/11/GoL-Attenkirchen-05-Thilo-scaled-e1763419291780-1536x1536.jpg 1536w, https://gruene-freising.de/gol-attenkirchen/wp-content/uploads/sites/17/2025/11/GoL-Attenkirchen-05-Thilo-scaled-e1763419291780.jpg 1706w" sizes="auto, (max-width: 1024px) 100vw, 1024px" /></figure>



<h2 class="wp-block-heading">Thilo Mittag</h2>



<p>Thalham</p>



<p>Gemeindebeauftragter<br>für Bauen, Wohnen und Liegenschaften</p>
</div>
</div>



<div class="wp-block-column is-layout-flow wp-block-column-is-layout-flow">
<div class="wp-block-group has-gray-background-color has-background is-vertical is-layout-flex wp-container-core-group-is-layout-8cf370e7 wp-block-group-is-layout-flex">
<figure class="wp-block-image size-large"><img loading="lazy" decoding="async" width="1024" height="1024" src="https://gruene-freising.de/gol-attenkirchen/wp-content/uploads/sites/17/2025/11/GoL-Attenkirchen-01-Walter-1-scaled-e1763419410832-1024x1024.jpg" alt="Dr. Walter Schlott" class="wp-image-471" srcset="https://gruene-freising.de/gol-attenkirchen/wp-content/uploads/sites/17/2025/11/GoL-Attenkirchen-01-Walter-1-scaled-e1763419410832-1024x1024.jpg 1024w, https://gruene-freising.de/gol-attenkirchen/wp-content/uploads/sites/17/2025/11/GoL-Attenkirchen-01-Walter-1-scaled-e1763419410832-300x300.jpg 300w, https://gruene-freising.de/gol-attenkirchen/wp-content/uploads/sites/17/2025/11/GoL-Attenkirchen-01-Walter-1-scaled-e1763419410832-150x150.jpg 150w, https://gruene-freising.de/gol-attenkirchen/wp-content/uploads/sites/17/2025/11/GoL-Attenkirchen-01-Walter-1-scaled-e1763419410832-768x768.jpg 768w, https://gruene-freising.de/gol-attenkirchen/wp-content/uploads/sites/17/2025/11/GoL-Attenkirchen-01-Walter-1-scaled-e1763419410832-1536x1536.jpg 1536w, https://gruene-freising.de/gol-attenkirchen/wp-content/uploads/sites/17/2025/11/GoL-Attenkirchen-01-Walter-1-scaled-e1763419410832.jpg 1707w" sizes="auto, (max-width: 1024px) 100vw, 1024px" /></figure>



<h2 class="wp-block-heading">Dr. Walter Schlott</h2>



<p>Thalham</p>



<p>Gemeindebeauftragter<br>für Mobilität, Digitales und Infrastruktur</p>
</div>
</div>
</div>

<p>Babsi Weinberger Attenkirchen Gemeindebeauftragte für Jugendarbeit und Organisation des Ferienprogramms Thilo Mittag Thalham Gemeindebeauftragterfür Bauen, Wohnen und Liegenschaften Dr. Walter Schlott Thalham Gemeindebeauftragterfür Mobilität, Digitales und Infrastruktur</p>
