{"id":305,"date":"2024-06-05T17:04:18","date_gmt":"2024-06-05T15:04:18","guid":{"rendered":"https:\/\/wordpress07.gcms.verdigado.net\/gol-attenkirchen-test\/?page_id=305"},"modified":"2026-01-02T11:45:22","modified_gmt":"2026-01-02T10:45:22","slug":"wer-wir-sind-mit-gruppenfoto","status":"publish","type":"page","link":"https:\/\/gruene-freising.de\/gol-attenkirchen\/wer-wir-sind-mit-gruppenfoto\/","title":{"rendered":"\u00dcBER UNS"},"content":{"rendered":"\n<h2 class=\"wp-block-heading\">Fortschritt tr\u00e4gt gr\u00fcn &#8230;<\/h2>\n\n\n\n<div style=\"height:20px\" aria-hidden=\"true\" class=\"wp-block-spacer\"><\/div>\n\n\n\n<h3 class=\"wp-block-heading\">Liebe Attenkirchnerinnen und Attenkirchner, liebe Interessierte,<\/h3>\n\n\n\n<p>stellt Euch eine Gemeinde wie Attenkirchen vor, in der es Menschen gibt, die gegen den Strom schwimmen. Menschen, die mit neuen Perspektiven auf dr\u00e4ngende Fragen unserer Zeit antworten. In einer Welt, die grenzenloses Wachstum propagiert, zeigen wir am Beispiel der Gemeinde Attenkirchen, wie mit ressourcenschonender Politik qualitatives Wachstum und erh\u00f6hte Lebensqualit\u00e4t einhergehen kann.<\/p>\n\n\n\n<p>Wir wollten uns nicht als Untergruppe einer etablierten Partei gr\u00fcnden, an deren Programm wir gebunden sind. Dies wurde zu Beginn in unserer Satzung verankert. Wir sch\u00e4tzen die Ziele umweltpolitischer Parteien, allen voran die von B\u00fcndnis 90\/Die Gr\u00fcnen. Unsere Arbeit zur Umsetzung dieser Menschheitsziele orientiert sich hierbei jedoch vor allem an den aktuellen Fragen und Zukunftsthemen unserer Gemeinde.<\/p>\n\n\n\n<p>Wir sind \u00fcberzeugt, dass wir mit anderen Werten als denen der herk\u00f6mmlichen Politik positive Impulse f\u00fcr unsere Gesellschaft geben k\u00f6nnen. Jeder Beitrag, der unsere Arbeit unterst\u00fctzt, ist ein Schritt, gemeinsam etwas zu ver\u00e4ndern. In unserer Gemeinde Attenkirchen und als Taktgeber \u00fcber die Gemeindegrenzen hinaus. Mit Liebe zur Natur und einer lebenswerten Zukunft.<\/p>\n\n\n\n<p>Schwimmen wir gegen den Strom. Wir haben die Chance, eine bessere Welt zu gestalten. Liebevoller, feinf\u00fchliger und nachhaltiger als je zuvor. Aber wir m\u00fcssen selbst in den Ring steigen. Es selbst in Gang bringen. Es selbst unternehmen.<\/p>\n\n\n\n<p>Eure Gr\u00fcne Offene Liste Attenkirchen<\/p>\n","protected":false},"excerpt":{"rendered":"<p>Fortschritt tr\u00e4gt gr\u00fcn &#8230; Liebe Attenkirchnerinnen und Attenkirchner, liebe Interessierte, stellt Euch eine Gemeinde wie Attenkirchen vor, in der es Menschen gibt, die gegen den Strom schwimmen. Menschen, die mit [&hellip;]<\/p>\n","protected":false},"author":32,"featured_media":0,"parent":0,"menu_order":0,"comment_status":"closed","ping_status":"closed","template":"","meta":{"footnotes":""},"class_list":["post-305","page","type-page","status-publish","hentry"],"jetpack_sharing_enabled":true,"_links":{"self":[{"href":"https:\/\/gruene-freising.de\/gol-attenkirchen\/wp-json\/wp\/v2\/pages\/305","targetHints":{"allow":["GET"]}}],"collection":[{"href":"https:\/\/gruene-freising.de\/gol-attenkirchen\/wp-json\/wp\/v2\/pages"}],"about":[{"href":"https:\/\/gruene-freising.de\/gol-attenkirchen\/wp-json\/wp\/v2\/types\/page"}],"author":[{"embeddable":true,"href":"https:\/\/gruene-freising.de\/gol-attenkirchen\/wp-json\/wp\/v2\/users\/32"}],"replies":[{"embeddable":true,"href":"https:\/\/gruene-freising.de\/gol-attenkirchen\/wp-json\/wp\/v2\/comments?post=305"}],"version-history":[{"count":17,"href":"https:\/\/gruene-freising.de\/gol-attenkirchen\/wp-json\/wp\/v2\/pages\/305\/revisions"}],"predecessor-version":[{"id":1029,"href":"https:\/\/gruene-freising.de\/gol-attenkirchen\/wp-json\/wp\/v2\/pages\/305\/revisions\/1029"}],"wp:attachment":[{"href":"https:\/\/gruene-freising.de\/gol-attenkirchen\/wp-json\/wp\/v2\/media?parent=305"}],"curies":[{"name":"wp","href":"https:\/\/api.w.org\/{rel}","templated":true}]}}