{"id":40,"date":"2024-02-28T11:17:08","date_gmt":"2024-02-28T09:17:08","guid":{"rendered":"http:\/\/www.vetforum.de\/?page_id=40"},"modified":"2025-11-14T22:10:07","modified_gmt":"2025-11-14T21:10:07","slug":"impressum-2","status":"publish","type":"page","link":"https:\/\/gruene-freising.de\/gol-attenkirchen\/impressum-2\/","title":{"rendered":"Impressum"},"content":{"rendered":"\n<p>Verantwortlich gem\u00e4\u00df \u00a75 Telemediengesetz (TMD):<\/p>\n\n\n\n<p><strong>Gr\u00fcne offene Liste Attenkirchen<\/strong><br><strong>Silke Friese<\/strong><br><strong>Bergdohlenweg 1<br>85395 Attenkirchen\u00a0<\/strong><\/p>\n\n\n\n<p><strong>info@gol-attenkirchen.de<\/strong><\/p>\n\n\n\n<p><strong>Verbreitung der Inhalte<\/strong><\/p>\n\n\n\n<p>Alle Inhalte von wordpress07.gcms.verdigado.net\/gol-attenkirchen-test werden unter der Creative Commons-Lizenz ver\u00f6ffentlicht (Nennung des Urhebers bzw. der Urheberin, keine kommerzielle Nutzung). Die Details der Lizenzvereinbarung finden Sie <a href=\"http:\/\/creativecommons.org\/licenses\/by-nc\/3.0\/de\/\" target=\"_blank\" rel=\"noreferrer noopener\"><strong>hier<\/strong><\/a>.<\/p>\n\n\n\n<p>Von dieser Regelung ausdr\u00fccklich ausgenommen sind Fotos und Grafiken (wenn nicht anders gekennzeichnet).<br><br><strong><br>Datenschutz<\/strong><\/p>\n\n\n\n<p>Wir wissen, dass du dem Thema Datenschutz gro\u00dfe Bedeutung beimisst. Deshalb ist uns der Schutz deiner pers\u00f6nlichen Daten ein wichtiges Anliegen.<br>Mehr dazu in unserer <strong><a href=\"https:\/\/wordpress07.gcms.verdigado.net\/gol-attenkirchen-test\/datenschutzerklaerung-2\/\" data-type=\"URL\" data-id=\"https:\/\/wordpress07.gcms.verdigado.net\/gol-attenkirchen-test\/datenschutzerklaerung\/\">Datenschutzerkl\u00e4rung<\/a><\/strong>.<\/p>\n\n\n\n<p>Haftung f\u00fcr Links<\/p>\n\n\n\n<p>Unser Angebot enth\u00e4lt Links zu externen Webseiten Dritter, auf deren\u00a0Inhalte wir keinen Einfluss haben. Deshalb k\u00f6nnen wir f\u00fcr diese fremden\u00a0Inhalte auch keine Gew\u00e4hr \u00fcbernehmen. F\u00fcr die Inhalte der verlinkten\u00a0 Seiten ist stets der jeweilige Anbieter oder Betreiber der Seiten\u00a0 verantwortlich. Die verlinkten Seiten wurden zum Zeitpunkt der\u00a0 Verlinkung auf m\u00f6gliche Rechtsverst\u00f6\u00dfe \u00fcberpr\u00fcft. Rechtswidrige Inhalte\u00a0 waren zum Zeitpunkt der Verlinkung nicht erkennbar. Eine permanente inhaltliche Kontrolle der verlinkten Seiten ist jedoch ohne konkrete\u00a0 Anhaltspunkte einer Rechtsverletzung nicht zumutbar. Bei bekannt werden von Rechtsverletzungen werden wir derartige Links umgehend entfernen.<\/p>\n","protected":false},"excerpt":{"rendered":"<p>Verantwortlich gem\u00e4\u00df \u00a75 Telemediengesetz (TMD): Gr\u00fcne offene Liste AttenkirchenSilke FrieseBergdohlenweg 185395 Attenkirchen\u00a0 info@gol-attenkirchen.de Verbreitung der Inhalte Alle Inhalte von wordpress07.gcms.verdigado.net\/gol-attenkirchen-test werden unter der Creative Commons-Lizenz ver\u00f6ffentlicht (Nennung des Urhebers bzw. [&hellip;]<\/p>\n","protected":false},"author":27,"featured_media":0,"parent":0,"menu_order":0,"comment_status":"closed","ping_status":"closed","template":"","meta":{"footnotes":""},"class_list":["post-40","page","type-page","status-publish","hentry"],"jetpack_sharing_enabled":true,"_links":{"self":[{"href":"https:\/\/gruene-freising.de\/gol-attenkirchen\/wp-json\/wp\/v2\/pages\/40","targetHints":{"allow":["GET"]}}],"collection":[{"href":"https:\/\/gruene-freising.de\/gol-attenkirchen\/wp-json\/wp\/v2\/pages"}],"about":[{"href":"https:\/\/gruene-freising.de\/gol-attenkirchen\/wp-json\/wp\/v2\/types\/page"}],"author":[{"embeddable":true,"href":"https:\/\/gruene-freising.de\/gol-attenkirchen\/wp-json\/wp\/v2\/users\/27"}],"replies":[{"embeddable":true,"href":"https:\/\/gruene-freising.de\/gol-attenkirchen\/wp-json\/wp\/v2\/comments?post=40"}],"version-history":[{"count":3,"href":"https:\/\/gruene-freising.de\/gol-attenkirchen\/wp-json\/wp\/v2\/pages\/40\/revisions"}],"predecessor-version":[{"id":442,"href":"https:\/\/gruene-freising.de\/gol-attenkirchen\/wp-json\/wp\/v2\/pages\/40\/revisions\/442"}],"wp:attachment":[{"href":"https:\/\/gruene-freising.de\/gol-attenkirchen\/wp-json\/wp\/v2\/media?parent=40"}],"curies":[{"name":"wp","href":"https:\/\/api.w.org\/{rel}","templated":true}]}}