{"id":990,"date":"2025-12-29T20:18:14","date_gmt":"2025-12-29T19:18:14","guid":{"rendered":"https:\/\/gruene-freising.de\/gol-attenkirchen\/?page_id=990"},"modified":"2025-12-29T22:31:51","modified_gmt":"2025-12-29T21:31:51","slug":"fluglaerm","status":"publish","type":"page","link":"https:\/\/gruene-freising.de\/gol-attenkirchen\/fluglaerm\/","title":{"rendered":"Flugl\u00e4rm"},"content":{"rendered":"\n<div class=\"wp-block-columns is-layout-flex wp-container-core-columns-is-layout-9d6595d7 wp-block-columns-is-layout-flex\">\n<div class=\"wp-block-column is-layout-flow wp-block-column-is-layout-flow\" style=\"flex-basis:66.66%\">\n<p>Wenn ihr auch vom Flugl\u00e4rm startender und landender Flugzeuge des Flughafens M\u00fcnchen genervt seid, dann z\u00f6gert nicht, euch auch offiziell zu beschweren. Alle Beschwerden werden gez\u00e4hlt und beantwortet. Keine Beschwerde ist umsonst. Viele Beschwerden zusammen erzielen eine Wirkung. Es gibt folgende Stellen f\u00fcr eure Beschwerden.<\/p>\n<\/div>\n\n\n\n<div class=\"wp-block-column is-layout-flow wp-block-column-is-layout-flow\" style=\"flex-basis:33.33%\">\n<figure class=\"wp-block-image size-large is-resized\"><img loading=\"lazy\" decoding=\"async\" width=\"1024\" height=\"903\" src=\"https:\/\/gruene-freising.de\/gol-attenkirchen\/wp-content\/uploads\/sites\/17\/2025\/12\/low-flying-aircraft-traffic-sign-160663-1024x903.png\" alt=\"low flying aircraft traffic sign 160663\" class=\"wp-image-974\" style=\"width:auto;height:141px\" \/><\/figure>\n<\/div>\n<\/div>\n\n\n\n<hr class=\"wp-block-separator has-alpha-channel-opacity\" \/>\n\n\n\n<div class=\"wp-block-columns is-layout-flex wp-container-core-columns-is-layout-9d6595d7 wp-block-columns-is-layout-flex\">\n<div class=\"wp-block-column has-gray-background-color has-background is-layout-flow wp-block-column-is-layout-flow\" style=\"flex-basis:33.33%\">\n<h2 class=\"wp-block-heading\">Deutsche Flugsicherung<\/h2>\n<\/div>\n\n\n\n<div class=\"wp-block-column is-layout-flow wp-block-column-is-layout-flow\" style=\"flex-basis:66.66%\">\n<p>Beschwerden per Telefon: nicht m\u00f6glich<\/p>\n\n\n\n<p>schriftlich per E-Mail:&nbsp;<a href=\"#\" data-unscramble=\"ed.sfd@nehcneum.mrealgulf\">fluglaerm.muenchen@dfs.de<\/a><\/p>\n\n\n\n<p>siehe auch:&nbsp;<a href=\"https:\/\/www.dfs.de\/homepage\/de\/umwelt\/fluglaerm\/kontakt\/\" target=\"_blank\" rel=\"noreferrer noopener\">Kontakt-Formular<\/a>&nbsp;(externe Website)<\/p>\n<\/div>\n<\/div>\n\n\n\n<hr class=\"wp-block-separator has-alpha-channel-opacity\" \/>\n\n\n\n<div class=\"wp-block-columns is-layout-flex wp-container-core-columns-is-layout-9d6595d7 wp-block-columns-is-layout-flex\">\n<div class=\"wp-block-column has-gray-background-color has-background is-layout-flow wp-block-column-is-layout-flow\" style=\"flex-basis:33.33%\">\n<h2 class=\"wp-block-heading\">Regierung von Oberbayern<\/h2>\n<\/div>\n\n\n\n<div class=\"wp-block-column is-layout-flow wp-block-column-is-layout-flow\" style=\"flex-basis:66.66%\">\n<p>Beschwerden per Telefon: 089 \/ 2176-2587<\/p>\n\n\n\n<p>schriftlich per E-Mail:&nbsp;<a href=\"#\" data-unscramble=\"ed.nreyab.bo-ger@mrealgulf\">fluglaerm@reg-ob.bayern.de<\/a><\/p>\n\n\n\n<p>siehe auch:&nbsp;<a href=\"https:\/\/www.regierung.oberbayern.bayern.de\/aufgaben\/37200\/37222\/leistung\/leistung_12249\/index.html\" target=\"_blank\" rel=\"noreferrer noopener\">Luftamt<\/a>&nbsp;(externe Website)<\/p>\n<\/div>\n<\/div>\n\n\n\n<hr class=\"wp-block-separator has-alpha-channel-opacity\" \/>\n\n\n\n<div class=\"wp-block-columns is-layout-flex wp-container-core-columns-is-layout-9d6595d7 wp-block-columns-is-layout-flex\">\n<div class=\"wp-block-column has-gray-background-color has-background is-layout-flow wp-block-column-is-layout-flow\" style=\"flex-basis:33.33%\">\n<h2 class=\"wp-block-heading\">Flughafen M\u00fcnchen GmbH<\/h2>\n<\/div>\n\n\n\n<div class=\"wp-block-column is-layout-flow wp-block-column-is-layout-flow\" style=\"flex-basis:66.66%\">\n<p>Beschwerden per Telefon: 089 \/ 97 54 04 10<\/p>\n\n\n\n<p>schriftlich per Post: Postfach 231755, 85326 M\u00fcnchen<\/p>\n\n\n\n<p>siehe auch: <a href=\"https:\/\/www.sueddeutsche.de\/muenchen\/freising\/flughafen-muenchen-fluglaerm-beschwerden-luftamt-telefon-mail-li.3310200\" target=\"_blank\" rel=\"noreferrer noopener\">SZ-Bericht<\/a> (externe Website)<\/p>\n<\/div>\n<\/div>\n\n\n\n<hr class=\"wp-block-separator has-alpha-channel-opacity\" \/>\n\n\n\n<div class=\"wp-block-columns is-layout-flex wp-container-core-columns-is-layout-9d6595d7 wp-block-columns-is-layout-flex\">\n<div class=\"wp-block-column has-gray-background-color has-background is-layout-flow wp-block-column-is-layout-flow\" style=\"flex-basis:33.33%\">\n<h2 class=\"wp-block-heading\">Beispiele f\u00fcr Textbausteine<\/h2>\n<\/div>\n\n\n\n<div class=\"wp-block-column is-layout-flow wp-block-column-is-layout-flow\" style=\"flex-basis:66.66%\">\n<p>Wir haben heute in Attenkirchen seit vier Stunden massiven Flugl\u00e4rm.<\/p>\n\n\n\n<p>Durch Flugl\u00e4rm ist in Thalham unsere Ruhe heute seit 7:00 Uhr extrem gest\u00f6rt.<\/p>\n\n\n\n<p>Gestern wurde die Nachtruhe in G\u00fctlsdorf durch Flugl\u00e4rm immer wieder gest\u00f6rt.<\/p>\n<\/div>\n<\/div>\n\n\n\n<hr class=\"wp-block-separator has-alpha-channel-opacity\" \/>\n","protected":false},"excerpt":{"rendered":"<p>Wenn ihr auch vom Flugl\u00e4rm startender und landender Flugzeuge des Flughafens M\u00fcnchen genervt seid, dann z\u00f6gert nicht, euch auch offiziell zu beschweren. Alle Beschwerden werden gez\u00e4hlt und beantwortet. Keine Beschwerde [&hellip;]<\/p>\n","protected":false},"author":31,"featured_media":0,"parent":0,"menu_order":0,"comment_status":"closed","ping_status":"closed","template":"","meta":{"footnotes":""},"class_list":["post-990","page","type-page","status-publish","hentry"],"jetpack_sharing_enabled":true,"_links":{"self":[{"href":"https:\/\/gruene-freising.de\/gol-attenkirchen\/wp-json\/wp\/v2\/pages\/990","targetHints":{"allow":["GET"]}}],"collection":[{"href":"https:\/\/gruene-freising.de\/gol-attenkirchen\/wp-json\/wp\/v2\/pages"}],"about":[{"href":"https:\/\/gruene-freising.de\/gol-attenkirchen\/wp-json\/wp\/v2\/types\/page"}],"author":[{"embeddable":true,"href":"https:\/\/gruene-freising.de\/gol-attenkirchen\/wp-json\/wp\/v2\/users\/31"}],"replies":[{"embeddable":true,"href":"https:\/\/gruene-freising.de\/gol-attenkirchen\/wp-json\/wp\/v2\/comments?post=990"}],"version-history":[{"count":9,"href":"https:\/\/gruene-freising.de\/gol-attenkirchen\/wp-json\/wp\/v2\/pages\/990\/revisions"}],"predecessor-version":[{"id":1014,"href":"https:\/\/gruene-freising.de\/gol-attenkirchen\/wp-json\/wp\/v2\/pages\/990\/revisions\/1014"}],"wp:attachment":[{"href":"https:\/\/gruene-freising.de\/gol-attenkirchen\/wp-json\/wp\/v2\/media?parent=990"}],"curies":[{"name":"wp","href":"https:\/\/api.w.org\/{rel}","templated":true}]}}

Fluglärm

<div class="wp-block-columns is-layout-flex wp-container-core-columns-is-layout-9d6595d7 wp-block-columns-is-layout-flex">
<div class="wp-block-column is-layout-flow wp-block-column-is-layout-flow" style="flex-basis:66.66%">
<p>Wenn ihr auch vom Fluglärm startender und landender Flugzeuge des Flughafens München genervt seid, dann zögert nicht, euch auch offiziell zu beschweren. Alle Beschwerden werden gezählt und beantwortet. Keine Beschwerde ist umsonst. Viele Beschwerden zusammen erzielen eine Wirkung. Es gibt folgende Stellen für eure Beschwerden.</p>
</div>



<div class="wp-block-column is-layout-flow wp-block-column-is-layout-flow" style="flex-basis:33.33%">
<figure class="wp-block-image size-large is-resized"><img loading="lazy" decoding="async" width="1024" height="903" src="https://gruene-freising.de/gol-attenkirchen/wp-content/uploads/sites/17/2025/12/low-flying-aircraft-traffic-sign-160663-1024x903.png" alt="low flying aircraft traffic sign 160663" class="wp-image-974" style="width:auto;height:141px" /></figure>
</div>
</div>



<hr class="wp-block-separator has-alpha-channel-opacity" />



<div class="wp-block-columns is-layout-flex wp-container-core-columns-is-layout-9d6595d7 wp-block-columns-is-layout-flex">
<div class="wp-block-column has-gray-background-color has-background is-layout-flow wp-block-column-is-layout-flow" style="flex-basis:33.33%">
<h2 class="wp-block-heading">Deutsche Flugsicherung</h2>
</div>



<div class="wp-block-column is-layout-flow wp-block-column-is-layout-flow" style="flex-basis:66.66%">
<p>Beschwerden per Telefon: nicht möglich</p>



<p>schriftlich per E-Mail:&nbsp;<a href="#" data-unscramble="ed.sfd@nehcneum.mrealgulf">fluglaerm.muenchen@dfs.de</a></p>



<p>siehe auch:&nbsp;<a href="https://www.dfs.de/homepage/de/umwelt/fluglaerm/kontakt/" target="_blank" rel="noreferrer noopener">Kontakt-Formular</a>&nbsp;(externe Website)</p>
</div>
</div>



<hr class="wp-block-separator has-alpha-channel-opacity" />



<div class="wp-block-columns is-layout-flex wp-container-core-columns-is-layout-9d6595d7 wp-block-columns-is-layout-flex">
<div class="wp-block-column has-gray-background-color has-background is-layout-flow wp-block-column-is-layout-flow" style="flex-basis:33.33%">
<h2 class="wp-block-heading">Regierung von Oberbayern</h2>
</div>



<div class="wp-block-column is-layout-flow wp-block-column-is-layout-flow" style="flex-basis:66.66%">
<p>Beschwerden per Telefon: 089 / 2176-2587</p>



<p>schriftlich per E-Mail:&nbsp;<a href="#" data-unscramble="ed.nreyab.bo-ger@mrealgulf">fluglaerm@reg-ob.bayern.de</a></p>



<p>siehe auch:&nbsp;<a href="https://www.regierung.oberbayern.bayern.de/aufgaben/37200/37222/leistung/leistung_12249/index.html" target="_blank" rel="noreferrer noopener">Luftamt</a>&nbsp;(externe Website)</p>
</div>
</div>



<hr class="wp-block-separator has-alpha-channel-opacity" />



<div class="wp-block-columns is-layout-flex wp-container-core-columns-is-layout-9d6595d7 wp-block-columns-is-layout-flex">
<div class="wp-block-column has-gray-background-color has-background is-layout-flow wp-block-column-is-layout-flow" style="flex-basis:33.33%">
<h2 class="wp-block-heading">Flughafen München GmbH</h2>
</div>



<div class="wp-block-column is-layout-flow wp-block-column-is-layout-flow" style="flex-basis:66.66%">
<p>Beschwerden per Telefon: 089 / 97 54 04 10</p>



<p>schriftlich per Post: Postfach 231755, 85326 München</p>



<p>siehe auch: <a href="https://www.sueddeutsche.de/muenchen/freising/flughafen-muenchen-fluglaerm-beschwerden-luftamt-telefon-mail-li.3310200" target="_blank" rel="noreferrer noopener">SZ-Bericht</a> (externe Website)</p>
</div>
</div>



<hr class="wp-block-separator has-alpha-channel-opacity" />



<div class="wp-block-columns is-layout-flex wp-container-core-columns-is-layout-9d6595d7 wp-block-columns-is-layout-flex">
<div class="wp-block-column has-gray-background-color has-background is-layout-flow wp-block-column-is-layout-flow" style="flex-basis:33.33%">
<h2 class="wp-block-heading">Beispiele für Textbausteine</h2>
</div>



<div class="wp-block-column is-layout-flow wp-block-column-is-layout-flow" style="flex-basis:66.66%">
<p>Wir haben heute in Attenkirchen seit vier Stunden massiven Fluglärm.</p>



<p>Durch Fluglärm ist in Thalham unsere Ruhe heute seit 7:00 Uhr extrem gestört.</p>



<p>Gestern wurde die Nachtruhe in Gütlsdorf durch Fluglärm immer wieder gestört.</p>
</div>
</div>



<hr class="wp-block-separator has-alpha-channel-opacity" />

<p>Wenn ihr auch vom Fluglärm startender und landender Flugzeuge des Flughafens München genervt seid, dann zögert nicht, euch auch offiziell zu beschweren. Alle Beschwerden werden gezählt und beantwortet. Keine Beschwerde [&hellip;]</p>
